5859 and 3999.
3999
What is the highest common divisor of 71394 and 41829?
219
What is the greatest common factor of 8 and 7080098?
2
What is the highest common factor of 962694 and 4762018?
1354
Calculate the highest common factor of 598 and 673894.
26
What is the greatest common divisor of 36180396 and 10521?
63
What is the highest common divisor of 2288 and 387168?
16
Calculate the greatest common factor of 84 and 3761954.
14
What is the greatest common factor of 29336565 and 135?
15
What is the greatest common factor of 10 and 2432500?
10
What is the highest common factor of 148320 and 20188?
412
What is the greatest common divisor of 10404 and 47403?
9
Calculate the highest common factor of 229895040 and 180.
60
Calculate the greatest common factor of 1553574 and 132.
66
What is the greatest common divisor of 357896 and 686686?
1078
What is the greatest common divisor of 6688 and 15204940?
76
Calculate the highest common factor of 25407660 and 75.
15
Calculate the highest common factor of 119045473 and 53.
53
What is the highest common divisor of 456358696 and 40?
8
Calculate the highest common factor of 17192 and 4344.
8
What is the highest common factor of 3010 and 2868590?
10
What is the greatest common divisor of 12189 and 32356059?
717
Calculate the greatest common factor of 462750580 and 10.
10
Calculate the highest common divisor of 3132 and 4238028.
108
Calculate the highest common divisor of 9 and 1455016.
1
Calculate the greatest common divisor of 3232 and 104156048.
1616
Calculate the greatest common factor of 115110 and 159930.
90
What is the greatest common divisor of 4052 and 629060?
4
What is the greatest common divisor of 60705 and 991325?
95
What is the greatest common divisor of 18646672 and 5830?
1166
What is the highest common divisor of 10824 and 45359776?
3608
What is the greatest common factor of 2142 and 1315069?
119
Calculate the greatest common factor of 1155 and 1028032929.
231
What is the highest common factor of 2737 and 3490480?
161
What is the greatest common factor of 240 and 15233136?
48
Calculate the greatest common divisor of 100951 and 108667.
643
What is the greatest common divisor of 135354513 and 34104?
4263
What is the greatest common divisor of 339 and 48879167?
113
Calculate the greatest common divisor of 169435708 and 806.
806
Calculate the greatest common divisor of 400180 and 4215660.
340
Calculate the highest common factor of 355803000 and 875.
875
What is the highest common factor of 32519734 and 9190?
1838
What is the highest common divisor of 15222 and 1646454?
354
What is the greatest common divisor of 42874 and 5147974?
442
What is the highest common divisor of 359361783 and 891?
99
Calculate the greatest common divisor of 6902 and 4937888.
986
Calculate the highest common factor of 3465 and 124432.
77
Calculate the highest common factor of 20575 and 675.
25
Calculate the greatest common factor of 245158 and 48.
2
What is the greatest common divisor of 864 and 82840356?
36
Calculate the greatest common divisor of 2206427 and 3376.
211
Calculate the greatest common factor of 51126864 and 657.
219
Calculate the greatest common divisor of 6748 and 2063924.
964
What is the greatest common divisor of 615440 and 1832?
8
What is the highest common divisor of 293840 and 150?
10
Calculate the greatest common factor of 37470944 and 752.
16
Calculate the greatest common divisor of 6963904 and 30290.
466
Calculate the greatest common factor of 7353 and 770697.
171
Calculate the greatest common divisor of 17189250 and 520.
130
What is the greatest common factor of 431812 and 6437?
41
Calculate the highest common divisor of 1492 and 1008539780.
1492
What is the highest common divisor of 949329548 and 4308?
1436
Calculate the greatest common divisor of 28054 and 890.
2
What is the highest common factor of 84 and 298245444?
84
Calculate the greatest common divisor of 37058277 and 307.
307
Calculate the highest common factor of 448 and 1127532.
28
What is the greatest common factor of 672 and 26216456?
56
What is the highest common divisor of 7176 and 476248?
8
Calculate the highest common divisor of 9031887 and 27.
9
Calculate the highest common factor of 2277 and 16373093.
11
What is the highest common divisor of 2196349 and 1751?
17
Calculate the highest common factor of 234406072 and 696.
232
What is the highest common factor of 324 and 15522984?
36
Calculate the greatest common factor of 43772228 and 8321.
157
What is the greatest common factor of 1917 and 143212822?
71
Calculate the greatest common factor of 41741163 and 162.
81
What is the highest common factor of 1102 and 1142716?
58
What is the highest common factor of 8835284 and 177292?
1396
What is the greatest common factor of 87694897 and 254?
127
Calculate the greatest common divisor of 6797979 and 39.
3
What is the highest common divisor of 16472515 and 15?
5
What is the greatest common factor of 3407685 and 2239605?
2355
What is the highest common divisor of 370 and 108601105?
185
Calculate the greatest common divisor of 15066 and 347571.
81
What is the highest common divisor of 217050928 and 688?
688
Calculate the highest common factor of 31445 and 1277465.
95
Calculate the highest common factor of 841 and 4554682.
29
Calculate the greatest common divisor of 375 and 1945375.
125
Calculate the highest common divisor of 80063 and 253989.
23
What is the highest common divisor of 62629 and 139265?
161
Calculate the greatest common divisor of 1035 and 351052335.
1035
Calculate the highest common factor of 472 and 209329817.
59
Calculate the greatest common factor of 94944 and 12048.
48
Calculate the highest common factor of 37245 and 316420.
65
Calculate the greatest common factor of 219743 and 5439.
37
Calculate the greatest common divisor of 450 and 47441925.
225
Calculate the greatest common divisor of 14784 and 2308152.
1848
What is the highest common divisor of 85624 and 41422?
278
Calculate the greatest common divisor of 510653 and 94523.
143
What is the highest common factor of 23646467 and 793?
793
Calculate the highest common divisor of 300898 and 12638.
142
Calculate the highest common divisor of 605642 and 7201.
379
Calculate the greatest common factor of 2140 and 16292890.
1070
Calculate the highest common divisor of 3890166 and 70.
14
What is the greatest common divisor of 275 and 12003925?
25
Calculate the highest common factor of 765984 and 1296.
48
Calculate the highest common factor of 6136 and 7865172.
236
Calculate the highest common factor of 10584 and 6885270.
378
What is the highest common divisor of 443605851 and 16263?
16263
Calculate the highest common factor of 32752104 and 168.
168
What is the greatest common factor of 33939319 and 6568?
821
Calculate the greatest common factor of 1712 and 38490896.
1712
What is the greatest common divisor of 26 and 107252015?
13
What is the highest common divisor of 879352 and 40?
8
What is the highest common factor of 24624 and 406602?
18
Calculate the highest common divisor of 79293257 and 10804.
2701
What is the highest common divisor of 3892 and 1126178?
278
Calculate the highest common divisor of 1397 and 63500.
127
What is the greatest common divisor of 4082022 and 108?
54
What is the greatest common divisor of 1152 and 3121928064?
1152
What is the greatest common factor of 126563898 and 2562?
366
What is the highest common factor of 210 and 288137710?
70
What is the greatest common divisor of 207925 and 94123489?
8317
What is the greatest common divisor of 1901004736 and 1088?
1088
Calculate the highest common factor of 131670 and 366293970.
11970
What is the greatest common factor of 9224 and 192599426?
2306
What is the highest common factor of 2701396 and 1403?
23
What is the highest common divisor of 1095 and 29678685?
15
What is the highest common divisor of 3159 and 3177?
9
What is the highest common factor of 3060 and 5852540?
20
What is the highest common divisor of 344443202 and 538?
538
Calculate the highest common factor of 65766337 and 91.
91
What is the highest common divisor of 20264 and 78821?
149
What is the greatest common divisor of 354445 and 5642?
91
Calculate the highest common divisor of 4012 and 240484.
236
What is the highest common factor of 474 